{"id":78,"date":"2012-04-24T17:17:44","date_gmt":"2012-04-24T15:17:44","guid":{"rendered":"https:\/\/jbcon.se\/?page_id=78"},"modified":"2021-05-17T13:43:32","modified_gmt":"2021-05-17T11:43:32","slug":"kontakt","status":"publish","type":"page","link":"https:\/\/jbcon.se\/?page_id=78","title":{"rendered":"Kontakt"},"content":{"rendered":"<p style=\"text-align: left;\">\n<p><strong>Joakim B\u00e4ck\u00e9lius<\/strong>, Byggingenj\u00f6r SBR<\/p>\n<p>Bygg- och Projektledare, Besiktningsman, Kontrollansvarig<\/p>\n<p>Tfn: 0150-533 50, 070-533 51 93, mail: <a href=\"mailto:jocke@jbcon.se\">jocke@jbcon.se<\/a><\/p>\n<hr \/>\n<p style=\"text-align: left;\">\n<p style=\"text-align: left;\"><strong>Ulrika B\u00e4ck\u00e9lius<\/strong><\/p>\n<p>Projektledare, Diplomerad Fastighetsf\u00f6rvaltare<\/p>\n<p>Tfn: 070-456 71 61, mail: <a href=\"mailto:ulrika@jbcon.se\">ulrika@jbcon.se<\/a><\/p>\n","protected":false},"excerpt":{"rendered":"<p>Joakim B\u00e4ck\u00e9lius, Byggingenj\u00f6r SBR Bygg- och Projektledare, Besiktningsman, Kontrollansvarig Tfn: 0150-533 50, 070-533 51 93, mail: jocke@jbcon.se Ulrika B\u00e4ck\u00e9lius Projektledare, Diplomerad Fastighetsf\u00f6rvaltare Tfn: 070-456 71 61, mail: ulrika@jbcon.se<\/p>\n","protected":false},"author":1,"featured_media":0,"parent":0,"menu_order":7,"comment_status":"closed","ping_status":"open","template":"","meta":{"footnotes":""},"class_list":["post-78","page","type-page","status-publish","hentry"],"_links":{"self":[{"href":"https:\/\/jbcon.se\/index.php?rest_route=\/wp\/v2\/pages\/78","targetHints":{"allow":["GET"]}}],"collection":[{"href":"https:\/\/jbcon.se\/index.php?rest_route=\/wp\/v2\/pages"}],"about":[{"href":"https:\/\/jbcon.se\/index.php?rest_route=\/wp\/v2\/types\/page"}],"author":[{"embeddable":true,"href":"https:\/\/jbcon.se\/index.php?rest_route=\/wp\/v2\/users\/1"}],"replies":[{"embeddable":true,"href":"https:\/\/jbcon.se\/index.php?rest_route=%2Fwp%2Fv2%2Fcomments&post=78"}],"version-history":[{"count":74,"href":"https:\/\/jbcon.se\/index.php?rest_route=\/wp\/v2\/pages\/78\/revisions"}],"predecessor-version":[{"id":641,"href":"https:\/\/jbcon.se\/index.php?rest_route=\/wp\/v2\/pages\/78\/revisions\/641"}],"wp:attachment":[{"href":"https:\/\/jbcon.se\/index.php?rest_route=%2Fwp%2Fv2%2Fmedia&parent=78"}],"curies":[{"name":"wp","href":"https:\/\/api.w.org\/{rel}","templated":true}]}}